
Is 103467 a multiple of 5?
False
Does 63 divide 1523025?
True
Is 43 a factor of 728635?
True
Does 172 divide 5269717?
False
Is 91 a factor of 154518?
True
Is 56 a factor of 163240?
True
Is 590700 a multiple of 150?
True
Does 262 divide 5675891?
False
Is 993 a factor of 1576884?
True
Is 297673 a multiple of 4?
False
Is 449 a factor of 2853098?
False
Does 600 divide 4333200?
True
Does 15 divide 59182?
False
Does 712 divide 3739424?
True
Is 47 a factor of 1764944?
True
Is 77088 a multiple of 584?
True
Does 20 divide 756079?
False
Is 159544 a multiple of 7?
True
Does 248 divide 142352?
True
Is 693921 a multiple of 15?
False
Does 21 divide 3960411?
True
Is 878 a factor of 1087946?
False
Is 52338 a multiple of 141?
False
Is 788307 a multiple of 87?
True
Is 63 a factor of 1144710?
True
Does 223 divide 912962?
True
Is 44 a factor of 545160?
True
Is 33 a factor of 8867122?
False
Is 2397015 a multiple of 8?
False
Is 5453178 a multiple of 1506?
False
Is 1001127 a multiple of 230?
False
Does 880 divide 6340400?
True
Is 40 a factor of 6087480?
True
Is 381 a factor of 2910459?
True
Is 554106 a multiple of 167?
True
Does 2 divide 30921?
False
Is 18 a factor of 26899?
False
Is 138109 a multiple of 3?
False
Is 51 a factor of 122757?
True
Does 12 divide 8569637?
False
Is 8 a factor of 4361898?
False
Is 198 a factor of 5088797?
False
Is 202 a factor of 438744?
True
Is 328 a factor of 2240995?
False
Is 5230830 a multiple of 30?
True
Does 80 divide 112480?
True
Is 16 a factor of 149235?
False
Is 108 a factor of 180792?
True
Does 18 divide 3525102?
True
Does 5 divide 38736?
False
Does 60 divide 12425?
False
Is 1441 a factor of 7827512?
True
Is 728 a multiple of 56?
True
Is 2 a factor of 272616?
True
Does 9 divide 86669?
False
Is 100 a factor of 82138?
False
Does 16 divide 1563650?
False
Does 357 divide 20706?
True
Does 37 divide 89133?
True
Does 10 divide 361910?
True
Is 142418 a multiple of 43?
False
Is 8 a factor of 87384?
True
Is 1430037 a multiple of 175?
False
Does 9 divide 211246?
False
Does 284 divide 33949811?
False
Is 13 a factor of 97565?
True
Is 183 a factor of 168776?
False
Does 110 divide 653730?
True
Does 85 divide 814980?
True
Is 1212 a factor of 9603888?
True
Is 235467 a multiple of 18?
False
Is 46704 a multiple of 168?
True
Is 827 a factor of 1310795?
True
Is 160487 a multiple of 4?
False
Does 96 divide 683136?
True
Does 34 divide 51989?
False
Is 308 a factor of 602140?
True
Is 183220 a multiple of 11?
False
Is 500 a factor of 287599?
False
Is 167654 a multiple of 42?
False
Is 121 a factor of 582827?
False
Is 13 a factor of 2714088?
True
Does 102 divide 281759?
False
Does 108 divide 109820?
False
Does 27 divide 424435?
False
Is 2 a factor of 38905?
False
Does 57 divide 607817?
False
Is 4711728 a multiple of 14?
True
Is 812441 a multiple of 5?
False
Is 112 a factor of 127232?
True
Is 43056 a multiple of 69?
True
Is 8119125 a multiple of 225?
True
Does 79 divide 177002?
False
Is 42 a factor of 75390?
True
Does 42 divide 720972?
True
Does 110 divide 617304?
False
Does 5 divide 57342?
False
Does 59 divide 956567?
True
Does 3 divide 1093428?
True
Is 417987 a multiple of 411?
True
Does 3 divide 583233?
True
Is 794 a factor of 1293426?
True
Is 37295917 a multiple of 189?
False
Does 2 divide 501031?
False
Does 122 divide 4518098?
False
Does 250 divide 127500?
True
Is 63431 a multiple of 137?
True
Does 265 divide 794735?
True
Is 8 a factor of 778368?
True
Is 877424 a multiple of 232?
True
Does 16 divide 9374577?
False
Is 136602 a multiple of 54?
False
Is 112 a factor of 909888?
True
Does 271 divide 313276?
True
Does 7 divide 16345765?
False
Is 533 a factor of 1148536?
False
Is 37 a factor of 111370?
True
Is 846 a factor of 3247794?
True
Is 9079 a multiple of 13?
False
Does 13 divide 9040018?
True
Is 2 a factor of 2934859?
False
Does 26 divide 102830?
True
Is 98489 a multiple of 149?
True
Does 5 divide 25715?
True
Is 14 a factor of 516038?
False
Is 573 a factor of 24684234?
False
Does 11 divide 213601?
False
Does 78 divide 139034?
False
Is 20 a factor of 3000?
True
Is 37744 a multiple of 7?
True
Does 1219 divide 10269128?
False
Does 24 divide 1392632?
False
Is 348 a factor of 182700?
True
Is 1321785 a multiple of 668?
False
Does 630 divide 452475?
False
Is 12 a factor of 1630882?
False
Does 167 divide 53941?
True
Is 1418730 a multiple of 570?
True
Is 21 a factor of 85985?
False
Is 99 a factor of 463419?
True
Does 486 divide 8905591?
False
Is 2820576 a multiple of 264?
True
Does 37 divide 3586419?
False
Is 777378 a multiple of 1743?
True
Does 386 divide 836848?
True
Is 92 a factor of 228438?
False
Is 152475 a multiple of 15?
True
Is 686737 a multiple of 32?
False
Is 4 a factor of 31067?
False
Does 13 divide 86811?
False
Does 82 divide 101451?
False
Is 22195 a multiple of 56?
False
Does 586 divide 1468344?
False
Is 607914 a multiple of 10?
False
Is 122 a factor of 22201?
False
Does 73 divide 1173840?
True
Is 209 a factor of 3632080?
False
Is 4406238 a multiple of 97?
False
Does 31 divide 342581?
True
Is 213225 a multiple of 23?
False
Does 73 divide 310688?
True
Does 77 divide 439131?
True
Is 1787102 a multiple of 359?
True
Is 38 a factor of 1870050?
False
Does 7 divide 2660176?
False
Is 5810330 a multiple of 7?
False
Is 1683378 a multiple of 18?
True
Is 19233 a multiple of 9?
True
Is 254 a factor of 449580?
True
Does 36 divide 222865?
False
Is 82 a factor of 1601460?
True
Is 76 a factor of 1412004?
True
Is 28165 a multiple of 3?
False
Does 227 divide 259007?
True
Is 194 a factor of 434172?
True
Is 90 a factor of 511740?
True
Is 806280 a multiple of 5?
True
Is 432735 a multiple of 15?
True
Is 290682 a multiple of 27?
True
Does 146 divide 2709906?
True
Is 30 a factor of 9001898?
False
Is 5 a factor of 1743984?
False
Does 42 divide 25164212?
False
Does 81 divide 1225308?
False
Does 159 divide 8270067?
True
Is 173 a factor of 6787508?
False
Is 164696 a multiple of 119?
True
Is 8 a factor of 2920?
True
Does 32 divide 912407?
False
Is 391 a factor of 1029894?
True
Is 32 a factor of 306905?
False
Is 6 a factor of 314940?
True
Is 5393 a multiple of 31?
False
Is 106 a factor of 444966?
False
Does 164 divide 904624?
True
Does 235 divide 3953640?
True
Is 76 a factor of 56240?
True
Is 28 a factor of 658912?
False
Is 3228449 a multiple of 18?
False
Does 91 divide 87703?
False
Does 207 divide 93771?
True
Is 335960 a multiple of 337?
False
Does 12 divide 2899491?
False
Is 16 a factor of 13565040?
True
Does 140 divide 61948?
False
Is 9972159 a multiple of 18?
False
Is 35356596 a multiple of 22?
True
Is 66 a factor of 555402?
False
Does 29 divide 406225?
False
Does 3065 divide 25301575?
True
Does 7 divide 20410?
False
Is 328902 a multiple of 382?
True
Is 75 a factor of 7617075?
True
Is 6 a factor of 60?
True
Is 96 a factor of 1472809?
False
Is 94 a factor of 232744?
True
Is 1728966 a multiple of 6?
True
Is 35993 a multiple of 105?
False
Does 29 divide 1582472?
True
Does 304 divide 7270848?
False
Does 12 divide 258020?
False
Does 69 divide 54993?
True
Does 217 divide 3905329?
False
Is 12 a factor of 822324?
True
Is 117 a factor of 57681?
True
Does 10 divide 478124?
False
Is 380816 a multiple of 28?
False
Does 367 divide 6078621?
True
Is 282916 a multiple of 13?
False
Is 77 a factor of 250872?
False
Is 149203 a multiple of 304?
False
Is 50 a factor of 2292561?
False
Is 230 a factor of 4818040?
True
Is 8468062 a multiple of 13?
False
Is 235 a factor of 272655?
False
Is 33 a factor of 8192?
False
Is 906 a factor of 252774?
True
Is 6 a factor of 580781?
False
Does 45 divide 5657355?
True
Is 1146564 a multiple of 18?
True
Is 8 a factor of 331160?
True
Is 50220 a multiple of 17?
False
Is 806 a factor of 5154049?
False
Does 46 divide 30060448?
True
Does 10 divide 93900?
True
Is 8546807 a multiple of 416?
False
Is 251428 a multiple of 11?
False
Does 42 divide 473580?
False
Is 20 a factor of 5855?
False
Is 9 a factor of 53395?
False
Is 2067000 a multiple of 368?
False
Is 21 a factor of 19431447?
True
Is 13274315 a multiple of 43?
True
Is 8989433 a multiple of 1561?
False
Is 410 a factor of 16833?
False
Does 18 divide 26208?
True
Is 187473 a multiple of 253?
True
Does 465 divide 877752?
False
Does 9 divide 79452?
True
Is 12 a factor of 4614371?
False
Does 96 divide 68791?
False
Is 